{"id":3910,"date":"2018-07-18T09:56:17","date_gmt":"2018-07-18T08:56:17","guid":{"rendered":"https:\/\/www.courmettes.com\/?post_type=tribe_events&#038;p=3910"},"modified":"2018-07-19T08:31:19","modified_gmt":"2018-07-19T07:31:19","slug":"seminaire-connaitre-prier-agir-pour-la-creation-in-french","status":"publish","type":"tribe_events","link":"https:\/\/www.courmettes.com\/en\/evenement\/seminaire-connaitre-prier-agir-pour-la-creation-in-french\/","title":{"rendered":"S\u00e9minaire Conna\u00eetre-Prier-Agir pour la Cr\u00e9ation (in French)"},"content":{"rendered":"<div class=\"gmail_default\">\n<p><strong>Dans le cadre du label Eglise verte, A Rocha et AVEC vous proposent 4 jours de retraite-formation du 29 octobre au 1er novembre.<\/strong><\/p>\n<p>Face au d\u00e9fi \u00e9cologique et parce que Dieu nous appelle \u00e0 prendre soin de sa Cr\u00e9ation, nous vous proposons un temps de formation : pour \u00e9largir nos connaissances et notre conscience, pour m\u00e9diter la Parole et prier afin d\u2019enraciner votre action et celle de votre \u00c9glise pour rendre gloire au Cr\u00e9ateur.<\/p>\n<p><strong>Au programme :<\/strong><br \/>\n&#8211; des enseignements pour mieux comprendre les enjeux \u00e9cologiques et th\u00e9ologiques<br \/>\n&#8211; des temps d\u00e9di\u00e9s au label \u00c9glise Verte pour approfondir vos comp\u00e9tences (l&#8217;\u00e9co-diagnostic, l\u2019animation dans la communaut\u00e9, les outils \u00e0 disposition, le r\u00e9seau, des partages d\u2019exp\u00e9rience, etc.)<br \/>\n&#8211; un approfondissement des enjeux \u00e9nerg\u00e9tique d\u2019une communaut\u00e9 : \u00a0\u201cR\u00e9duire l&#8217;empreinte carbone du chauffage de notre paroisse\u201d et \u00a0\u201cMener un projet d&#8217;\u00c9glise solaire\u201d<br \/>\n&#8211; des temps de m\u00e9ditation biblique, de pri\u00e8re et de partage<br \/>\n&#8211; des ateliers th\u00e9matiques (r\u00e9duire son empreinte carbone, alimentation et cosm\u00e9tique, etc.) et des activit\u00e9s pratiques en nature (permaculture, conservation de la nature, etc.).<\/p>\n<\/div>\n<h4>Infos pratiques<\/h4>\n<p>La pension compl\u00e8te d\u00e9butera le dimanche 28 octobre 2018 \u00e0 17h et se terminera le vendredi 2 novembre \u00e0 9h.<\/p>\n<p><strong>H\u00e9bergement<\/strong> : en chambre \u00e0 deux, sanitaires \u00e0 l\u2019\u00e9tage. Autres options : dortoir, camping. Appartements disponibles pour des familles (nous consulter).<\/p>\n<p><strong>Transport<\/strong> : possibilit\u00e9\u00a0<a href=\"https:\/\/www.courmettes.com\/infos-pratiques\/acces\/\" target=\"_blank\" rel=\"noopener\" data-saferedirecturl=\"https:\/\/www.google.com\/url?hl=fr&amp;q=https:\/\/www.courmettes.com\/infos-pratiques\/acces\/&amp;source=gmail&amp;ust=1516987236964000&amp;usg=AFQjCNGss7a6hqkUErGUib-hiMA2efwrhA\">d\u2019acc\u00e9der aux Courmettes<\/a>\u00a0en train, bus ou avion ou voiture.<\/p>\n<p>Nous encourageons le co-voiturage. Merci de nous contacter pour que nous vous mettions en relation avec d\u2019autres personnes de votre secteur qui viendraient au s\u00e9minaire.<\/p>\n<h4>Tarifs<\/h4>\n<p>Inscription et frais de formation\u00a0:\u00a0<strong>participation libre<\/strong>\u00a0(tarifs indicatifs\u00a0: 75 euros la semaine et 20 euros la journ\u00e9e)<\/p>\n<p>Pension compl\u00e8te :<br \/>\n<strong>350\u20ac chambre individuelle<\/strong><br \/>\n<strong>250\u20ac chambre partag\u00e9e<\/strong><br \/>\n<strong>200\u20ac dortoir<\/strong><br \/>\n<strong>150\u20ac \u00a0camping<\/strong><\/p>\n<h4>Inscription en 2 \u00e9tapes<\/h4>\n<p>1) <a href=\"https:\/\/docs.google.com\/forms\/d\/1bDkqwqirMHdum7fpyl0pVEtrkBN50IPxIXS7dg_Ykso\/edit\" target=\"_blank\" rel=\"noopener\"><strong>Remplir le formulaire en ligne<\/strong><\/a><\/p>\n<p>2) Verser un acompte &#8211; l&#8217;inscription sera confirm\u00e9e \u00e0 r\u00e9ception de l&#8217;acompte (150\u20ac\/personne).<\/p>\n<p><strong>Virement bancaire<\/strong><br \/>\nVous pouvez t\u00e9l\u00e9charger notre <a href=\"https:\/\/www.courmettes.com\/wp-content\/uploads\/2015\/12\/RIB_A_Rocha_France_Courmettes-1.pdf\"><strong>RIB<\/strong><\/a>. Indiquez votre nom et l&#8217;intitul\u00e9 du s\u00e9minaire dans l&#8217;objet.<\/p>\n<p><strong>Carte bancaire<\/strong><br \/>\nVous pouvez utiliser notre plateforme 100% s\u00e9curis\u00e9e HelloAsso ci-dessous.\u00a0<em>Comme HelloAsso ne pr\u00e9l\u00e8ve pas un pourcentage des transactions, il vous est propos\u00e9 de leur laisser un pourboire. C&#8217;est bien s\u00fbr facultatif.<\/em><br \/>\n<iframe loading=\"lazy\" id=\"haWidget\" style=\"width: 100%; height: 450px; border: none;\" src=\"https:\/\/www.helloasso.com\/associations\/a-rocha-france\/evenements\/seminaire-connaitre-prier-agir-pour-la-creation\/widget\" width=\"300\" height=\"150\"><\/iframe><\/p>\n","protected":false},"excerpt":{"rendered":"<p>As we face environmental challenges and because God calls us to take care of his Creation, we propose a time of training: to enlarge our knowledge and awareness, to meditate on the Word and to pray in order to deepen the roots your actions and those of your church to the glory of the Creator.<\/p>\n","protected":false},"author":5,"featured_media":0,"comment_status":"open","ping_status":"closed","template":"","meta":{"_acf_changed":false,"_tribe_events_status":"","_tribe_events_status_reason":"","footnotes":""},"tags":[],"tribe_events_cat":[],"class_list":["post-3910","tribe_events","type-tribe_events","status-publish","hentry"],"acf":[],"_links":{"self":[{"href":"https:\/\/www.courmettes.com\/en\/wp-json\/wp\/v2\/tribe_events\/3910","targetHints":{"allow":["GET"]}}],"collection":[{"href":"https:\/\/www.courmettes.com\/en\/wp-json\/wp\/v2\/tribe_events"}],"about":[{"href":"https:\/\/www.courmettes.com\/en\/wp-json\/wp\/v2\/types\/tribe_events"}],"author":[{"embeddable":true,"href":"https:\/\/www.courmettes.com\/en\/wp-json\/wp\/v2\/users\/5"}],"replies":[{"embeddable":true,"href":"https:\/\/www.courmettes.com\/en\/wp-json\/wp\/v2\/comments?post=3910"}],"version-history":[{"count":0,"href":"https:\/\/www.courmettes.com\/en\/wp-json\/wp\/v2\/tribe_events\/3910\/revisions"}],"wp:attachment":[{"href":"https:\/\/www.courmettes.com\/en\/wp-json\/wp\/v2\/media?parent=3910"}],"wp:term":[{"taxonomy":"post_tag","embeddable":true,"href":"https:\/\/www.courmettes.com\/en\/wp-json\/wp\/v2\/tags?post=3910"},{"taxonomy":"tribe_events_cat","embeddable":true,"href":"https:\/\/www.courmettes.com\/en\/wp-json\/wp\/v2\/tribe_events_cat?post=3910"}],"curies":[{"name":"wp","href":"https:\/\/api.w.org\/{rel}","templated":true}]}}

Séminaire Connaître-Prier-Agir pour la Création (in French)

<div class="gmail_default">
<p><strong>Dans le cadre du label Eglise verte, A Rocha et AVEC vous proposent 4 jours de retraite-formation du 29 octobre au 1er novembre.</strong></p>
<p>Face au défi écologique et parce que Dieu nous appelle à prendre soin de sa Création, nous vous proposons un temps de formation : pour élargir nos connaissances et notre conscience, pour méditer la Parole et prier afin d’enraciner votre action et celle de votre Église pour rendre gloire au Créateur.</p>
<p><strong>Au programme :</strong><br />
&#8211; des enseignements pour mieux comprendre les enjeux écologiques et théologiques<br />
&#8211; des temps dédiés au label Église Verte pour approfondir vos compétences (l&#8217;éco-diagnostic, l’animation dans la communauté, les outils à disposition, le réseau, des partages d’expérience, etc.)<br />
&#8211; un approfondissement des enjeux énergétique d’une communauté :  “Réduire l&#8217;empreinte carbone du chauffage de notre paroisse” et  “Mener un projet d&#8217;Église solaire”<br />
&#8211; des temps de méditation biblique, de prière et de partage<br />
&#8211; des ateliers thématiques (réduire son empreinte carbone, alimentation et cosmétique, etc.) et des activités pratiques en nature (permaculture, conservation de la nature, etc.).</p>
</div>
<h4>Infos pratiques</h4>
<p>La pension complète débutera le dimanche 28 octobre 2018 à 17h et se terminera le vendredi 2 novembre à 9h.</p>
<p><strong>Hébergement</strong> : en chambre à deux, sanitaires à l’étage. Autres options : dortoir, camping. Appartements disponibles pour des familles (nous consulter).</p>
<p><strong>Transport</strong> : possibilité <a href="https://www.courmettes.com/infos-pratiques/acces/" target="_blank" rel="noopener" data-saferedirecturl="https://www.google.com/url?hl=fr&amp;q=https://www.courmettes.com/infos-pratiques/acces/&amp;source=gmail&amp;ust=1516987236964000&amp;usg=AFQjCNGss7a6hqkUErGUib-hiMA2efwrhA">d’accéder aux Courmettes</a> en train, bus ou avion ou voiture.</p>
<p>Nous encourageons le co-voiturage. Merci de nous contacter pour que nous vous mettions en relation avec d’autres personnes de votre secteur qui viendraient au séminaire.</p>
<h4>Tarifs</h4>
<p>Inscription et frais de formation : <strong>participation libre</strong> (tarifs indicatifs : 75 euros la semaine et 20 euros la journée)</p>
<p>Pension complète :<br />
<strong>350€ chambre individuelle</strong><br />
<strong>250€ chambre partagée</strong><br />
<strong>200€ dortoir</strong><br />
<strong>150€  camping</strong></p>
<h4>Inscription en 2 étapes</h4>
<p>1) <a href="https://docs.google.com/forms/d/1bDkqwqirMHdum7fpyl0pVEtrkBN50IPxIXS7dg_Ykso/edit" target="_blank" rel="noopener"><strong>Remplir le formulaire en ligne</strong></a></p>
<p>2) Verser un acompte &#8211; l&#8217;inscription sera confirmée à réception de l&#8217;acompte (150€/personne).</p>
<p><strong>Virement bancaire</strong><br />
Vous pouvez télécharger notre <a href="https://www.courmettes.com/wp-content/uploads/2015/12/RIB_A_Rocha_France_Courmettes-1.pdf"><strong>RIB</strong></a>. Indiquez votre nom et l&#8217;intitulé du séminaire dans l&#8217;objet.</p>
<p><strong>Carte bancaire</strong><br />
Vous pouvez utiliser notre plateforme 100% sécurisée HelloAsso ci-dessous. <em>Comme HelloAsso ne prélève pas un pourcentage des transactions, il vous est proposé de leur laisser un pourboire. C&#8217;est bien sûr facultatif.</em><br />
<iframe loading="lazy" id="haWidget" style="width: 100%; height: 450px; border: none;" src="https://www.helloasso.com/associations/a-rocha-france/evenements/seminaire-connaitre-prier-agir-pour-la-creation/widget" width="300" height="150"></iframe></p>
