{"id":2649,"date":"2017-01-05T22:11:08","date_gmt":"2017-01-05T21:11:08","guid":{"rendered":"https:\/\/www.courmettes.com\/en\/evenement\/seminaire-occulte-culte-faut-choisir\/"},"modified":"2017-04-18T14:18:04","modified_gmt":"2017-04-18T13:18:04","slug":"seminaire-occulte-culte-faut-choisir","status":"publish","type":"tribe_events","link":"https:\/\/www.courmettes.com\/en\/evenement\/seminaire-occulte-culte-faut-choisir\/","title":{"rendered":"Seminar \u201cOcculte ou au culte, il faut choisir\u201d (in French)"},"content":{"rendered":"<h3>&#8220;Tout sera mis en lumi\u00e8re&#8221; (1 Cor. 4.5)<\/h3>\n<p>L\u2019occultisme fait des ravages dans tous les milieux, y compris parmi les chr\u00e9tiens. Les \u00c9critures bibliques dessinent pourtant clairement les contours de ce qui peut ou ne peut pas se vivre dans une spiritualit\u00e9 sous le regard de Dieu. La venue de J\u00e9sus est justement une r\u00e9v\u00e9lation, un d\u00e9voilement, pour mettre en lumi\u00e8re toute chose cach\u00e9e, alors pourquoi retourner vers les choses ent\u00e9n\u00e9br\u00e9es ? Une formation biblique, th\u00e9ologique et pratique qui inclut la pri\u00e8re pour se d\u00e9faire des cha\u00eenes spirituelles injustes.<\/p>\n<h4>Intervenant<\/h4>\n<p><img loading=\"lazy\" decoding=\"async\" class=\"alignleft wp-image-2522\" src=\"https:\/\/www.courmettes.com\/wp-content\/uploads\/2017\/01\/gilles-1-1-270x270.jpeg\" width=\"100\" height=\"100\" srcset=\"https:\/\/www.courmettes.com\/wp-content\/uploads\/2017\/01\/gilles-1-1-270x270.jpeg 270w, https:\/\/www.courmettes.com\/wp-content\/uploads\/2017\/01\/gilles-1-1-500x500.jpeg 500w, https:\/\/www.courmettes.com\/wp-content\/uploads\/2017\/01\/gilles-1-1-360x360.jpeg 360w, https:\/\/www.courmettes.com\/wp-content\/uploads\/2017\/01\/gilles-1-1.jpeg 600w\" sizes=\"auto, (max-width: 100px) 100vw, 100px\" \/>Gilles Boucomont a \u00e9t\u00e9 pasteur en Afrique de l\u2019Est, \u00e0 l\u2019\u00c9glise R\u00e9form\u00e9e \u00e0 Rouen, et \u00e0 l\u2019\u00c9glise Protestante Unie du Marais \u00e0 Paris. Il a \u00e9tudi\u00e9, en plus de la th\u00e9ologie, les sciences politiques, l\u2019\u00e9coute pastorale et les soins palliatifs. Depuis quelques ann\u00e9es, il a d\u00e9velopp\u00e9 une exp\u00e9rience d\u2019accompagnement et de lib\u00e9ration, red\u00e9couvrant la gu\u00e9rison divine, et l\u2019autorit\u00e9 de Christ pour la d\u00e9livrance.<\/p>\n<p><strong>Infos pratiques<\/strong><\/p>\n<p>Le s\u00e9minaire commencera par la conf\u00e9rence publique\u00a0<a href=\"https:\/\/www.courmettes.com\/en\/evenement\/conference-grande-re-orient-ation-jesus-chemin-parmi-dautres\/\" target=\"_blank\" data-saferedirecturl=\"https:\/\/www.google.com\/url?hl=fr&amp;q=https:\/\/www.courmettes.com\/?post_type%3Dtribe_events%26p%3D2486%252F%26preview%3Dtrue&amp;source=gmail&amp;ust=1483870279785000&amp;usg=AFQjCNGuyj4nGHL0EX9kxyBUgjFPfneMyg\">\u00ab\u00a0La grande r\u00e9-orient-ation\u00a0: J\u00e9sus un chemin parmi d\u2019autres\u00a0?\u00a0\u00bb<\/a>\u00a0du vendredi 21 avril. Il continuera le samedi 22 avril \u00e0 9h et terminera le dimanche 23 \u00e0 17h. Il est possible de participer librement aux sessions, seuls les repas et l\u2019h\u00e9bergement sont factur\u00e9s.\u00a0Que personne ne soit emp\u00each\u00e9 de participer \u00e0 ce s\u00e9minaire faute de moyens. Merci de nous contacter pour nous faire part d&#8217;\u00e9ventuelles difficult\u00e9s.<\/p>\n<p>Il est possible \u00e9galement\u00a0de venir profiter du cadre des Courmettes la semaine qui pr\u00e9c\u00e8de le s\u00e9minaire en participant au <a href=\"https:\/\/www.courmettes.com\/en\/evenement\/sejour-benevoles\/\" target=\"_blank\" data-saferedirecturl=\"https:\/\/www.google.com\/url?hl=fr&amp;q=https:\/\/www.courmettes.com\/evenement\/sejour-benevoles\/&amp;source=gmail&amp;ust=1483870279785000&amp;usg=AFQjCNGEXRqTw8XlziGcGQmZpWRBm47I_g\">s\u00e9jour &#8220;b\u00e9n\u00e9voles&#8221;<\/a>\u00a0organis\u00e9 du 16 au 21 avril ou en\u00a0<a href=\"https:\/\/www.courmettes.com\/en\/visiting-us\/private-holidays\/\" target=\"_blank\" data-saferedirecturl=\"https:\/\/www.google.com\/url?hl=fr&amp;q=https:\/\/www.courmettes.com\/sejours\/sejours-pour-particuliers\/&amp;source=gmail&amp;ust=1483870279785000&amp;usg=AFQjCNEXYwbLJIxwOZnOnbO1EL4-YrKxOg\">venant en simples vacances<\/a>.<\/p>\n<p>Nous encourageons le co-voiturage pour <a href=\"https:\/\/www.courmettes.com\/en\/other-information\/access\/\">venir aux Courmettes<\/a>. Merci de nous contacter pour que nous vous mettions en relation avec d&#8217;autres personnes de votre secteur qui viendraient au s\u00e9minaire. Si vous voyagez en avion\/train, nous recommandons que vous preniez le bus jusqu&#8217;\u00e0 Vence. Nous organiserons ensuite le transport jusqu&#8217;au Courmettes (navette 5\u20ac\/personne\/trajet).<\/p>\n<h4>Tarifs<\/h4>\n<p><em>Inclut la participation au s\u00e9minaire et la pension compl\u00e8te du vendredi au dimanche (sanitaires collectifs)<\/em><strong><br \/>\n175\u20ac chambre individuelle<\/strong><br \/>\n<strong>100\u20ac chambre partag\u00e9e<\/strong><br \/>\n<strong>60\u20ac dortoir\/camping<\/strong><\/p>\n<p>Appartement Panoramique (<a href=\"https:\/\/www.courmettes.com\/en\/visiting-us\/private-holidays\/\">voir descriptif<\/a>) : nous contacter<\/p>\n<h4>Inscription<\/h4>\n<p><a href=\"https:\/\/docs.google.com\/forms\/d\/e\/1FAIpQLScJj0_GrHDlLEctuKPG6Qa9I2QdHdtAEowg1ozTorWIYMR7gQ\/viewform\"><strong>Remplir le formulaire en ligne<\/strong><\/a><br \/>\nL\u2019inscription sera confirm\u00e9e \u00e0 r\u00e9ception du paiement.<\/p>\n<p><strong>Virement bancaire<\/strong><br \/>\nVous pouvez t\u00e9l\u00e9charger notre <a href=\"https:\/\/www.courmettes.com\/wp-content\/uploads\/2015\/12\/RIB_A_Rocha_France_Courmettes-1.pdf\"><strong>RIB<\/strong><\/a>. Indiquez votre nom et l\u2019intitul\u00e9 du s\u00e9minaire dans l\u2019objet.<\/p>\n<p><strong>Carte bancaire<\/strong><br \/>\nVous pouvez utiliser notre plateforme 100% s\u00e9curis\u00e9e HelloAsso ci-dessous.\u00a0<em>Comme HelloAsso ne pr\u00e9l\u00e8ve pas un pourcentage des transactions, il vous est propos\u00e9 de leur laisser un pourboire. C\u2019est bien s\u00fbr facultatif.<\/em><\/p>\n<p><iframe loading=\"lazy\" id=\"haWidget\" style=\"width: 100%; height: 750px; border: none;\" src=\"https:\/\/www.helloasso.com\/associations\/a-rocha-france-domaine-des-courmettes\/evenements\/seminaire-occulte-ou-au-culte-il-faut-choisir\/widget\" width=\"300\" height=\"150\"><\/iframe><\/p>\n","protected":false},"excerpt":{"rendered":"<p>Occultism wreaks havoc in all of life\u2019s circles, including amongst Christians. However, Biblical Scriptures clearly outline that which can or cannot come under a spirituality lived in God\u2019s gaze. The coming of Jesus is a revelation and an unveiling which brings to light all that is hidden. So why turn back to the darkness? This is a biblical, theological and practical training course which includes prayer against unjust spiritual chains. <\/p>\n","protected":false},"author":5,"featured_media":0,"comment_status":"open","ping_status":"closed","template":"","meta":{"_acf_changed":false,"_tribe_events_status":"","_tribe_events_status_reason":"","footnotes":""},"tags":[],"tribe_events_cat":[],"class_list":["post-2649","tribe_events","type-tribe_events","status-publish","hentry"],"acf":[],"_links":{"self":[{"href":"https:\/\/www.courmettes.com\/en\/wp-json\/wp\/v2\/tribe_events\/2649","targetHints":{"allow":["GET"]}}],"collection":[{"href":"https:\/\/www.courmettes.com\/en\/wp-json\/wp\/v2\/tribe_events"}],"about":[{"href":"https:\/\/www.courmettes.com\/en\/wp-json\/wp\/v2\/types\/tribe_events"}],"author":[{"embeddable":true,"href":"https:\/\/www.courmettes.com\/en\/wp-json\/wp\/v2\/users\/5"}],"replies":[{"embeddable":true,"href":"https:\/\/www.courmettes.com\/en\/wp-json\/wp\/v2\/comments?post=2649"}],"version-history":[{"count":0,"href":"https:\/\/www.courmettes.com\/en\/wp-json\/wp\/v2\/tribe_events\/2649\/revisions"}],"wp:attachment":[{"href":"https:\/\/www.courmettes.com\/en\/wp-json\/wp\/v2\/media?parent=2649"}],"wp:term":[{"taxonomy":"post_tag","embeddable":true,"href":"https:\/\/www.courmettes.com\/en\/wp-json\/wp\/v2\/tags?post=2649"},{"taxonomy":"tribe_events_cat","embeddable":true,"href":"https:\/\/www.courmettes.com\/en\/wp-json\/wp\/v2\/tribe_events_cat?post=2649"}],"curies":[{"name":"wp","href":"https:\/\/api.w.org\/{rel}","templated":true}]}}

<h3>&#8220;Tout sera mis en lumière&#8221; (1 Cor. 4.5)</h3>
<p>L’occultisme fait des ravages dans tous les milieux, y compris parmi les chrétiens. Les Écritures bibliques dessinent pourtant clairement les contours de ce qui peut ou ne peut pas se vivre dans une spiritualité sous le regard de Dieu. La venue de Jésus est justement une révélation, un dévoilement, pour mettre en lumière toute chose cachée, alors pourquoi retourner vers les choses enténébrées ? Une formation biblique, théologique et pratique qui inclut la prière pour se défaire des chaînes spirituelles injustes.</p>
<h4>Intervenant</h4>
<p><img loading="lazy" decoding="async" class="alignleft wp-image-2522" src="https://www.courmettes.com/wp-content/uploads/2017/01/gilles-1-1-270x270.jpeg" width="100" height="100" srcset="https://www.courmettes.com/wp-content/uploads/2017/01/gilles-1-1-270x270.jpeg 270w, https://www.courmettes.com/wp-content/uploads/2017/01/gilles-1-1-500x500.jpeg 500w, https://www.courmettes.com/wp-content/uploads/2017/01/gilles-1-1-360x360.jpeg 360w, https://www.courmettes.com/wp-content/uploads/2017/01/gilles-1-1.jpeg 600w" sizes="auto, (max-width: 100px) 100vw, 100px" />Gilles Boucomont a été pasteur en Afrique de l’Est, à l’Église Réformée à Rouen, et à l’Église Protestante Unie du Marais à Paris. Il a étudié, en plus de la théologie, les sciences politiques, l’écoute pastorale et les soins palliatifs. Depuis quelques années, il a développé une expérience d’accompagnement et de libération, redécouvrant la guérison divine, et l’autorité de Christ pour la délivrance.</p>
<p><strong>Infos pratiques</strong></p>
<p>Le séminaire commencera par la conférence publique <a href="https://www.courmettes.com/en/evenement/conference-grande-re-orient-ation-jesus-chemin-parmi-dautres/" target="_blank" data-saferedirecturl="https://www.google.com/url?hl=fr&amp;q=https://www.courmettes.com/?post_type%3Dtribe_events%26p%3D2486%252F%26preview%3Dtrue&amp;source=gmail&amp;ust=1483870279785000&amp;usg=AFQjCNGuyj4nGHL0EX9kxyBUgjFPfneMyg">« La grande ré-orient-ation : Jésus un chemin parmi d’autres ? »</a> du vendredi 21 avril. Il continuera le samedi 22 avril à 9h et terminera le dimanche 23 à 17h. Il est possible de participer librement aux sessions, seuls les repas et l’hébergement sont facturés. Que personne ne soit empêché de participer à ce séminaire faute de moyens. Merci de nous contacter pour nous faire part d&#8217;éventuelles difficultés.</p>
<p>Il est possible également de venir profiter du cadre des Courmettes la semaine qui précède le séminaire en participant au <a href="https://www.courmettes.com/en/evenement/sejour-benevoles/" target="_blank" data-saferedirecturl="https://www.google.com/url?hl=fr&amp;q=https://www.courmettes.com/evenement/sejour-benevoles/&amp;source=gmail&amp;ust=1483870279785000&amp;usg=AFQjCNGEXRqTw8XlziGcGQmZpWRBm47I_g">séjour &#8220;bénévoles&#8221;</a> organisé du 16 au 21 avril ou en <a href="https://www.courmettes.com/en/visiting-us/private-holidays/" target="_blank" data-saferedirecturl="https://www.google.com/url?hl=fr&amp;q=https://www.courmettes.com/sejours/sejours-pour-particuliers/&amp;source=gmail&amp;ust=1483870279785000&amp;usg=AFQjCNEXYwbLJIxwOZnOnbO1EL4-YrKxOg">venant en simples vacances</a>.</p>
<p>Nous encourageons le co-voiturage pour <a href="https://www.courmettes.com/en/other-information/access/">venir aux Courmettes</a>. Merci de nous contacter pour que nous vous mettions en relation avec d&#8217;autres personnes de votre secteur qui viendraient au séminaire. Si vous voyagez en avion/train, nous recommandons que vous preniez le bus jusqu&#8217;à Vence. Nous organiserons ensuite le transport jusqu&#8217;au Courmettes (navette 5€/personne/trajet).</p>
<h4>Tarifs</h4>
<p><em>Inclut la participation au séminaire et la pension complète du vendredi au dimanche (sanitaires collectifs)</em><strong><br />
175€ chambre individuelle</strong><br />
<strong>100€ chambre partagée</strong><br />
<strong>60€ dortoir/camping</strong></p>
<p>Appartement Panoramique (<a href="https://www.courmettes.com/en/visiting-us/private-holidays/">voir descriptif</a>) : nous contacter</p>
<h4>Inscription</h4>
<p><a href="https://docs.google.com/forms/d/e/1FAIpQLScJj0_GrHDlLEctuKPG6Qa9I2QdHdtAEowg1ozTorWIYMR7gQ/viewform"><strong>Remplir le formulaire en ligne</strong></a><br />
L’inscription sera confirmée à réception du paiement.</p>
<p><strong>Virement bancaire</strong><br />
Vous pouvez télécharger notre <a href="https://www.courmettes.com/wp-content/uploads/2015/12/RIB_A_Rocha_France_Courmettes-1.pdf"><strong>RIB</strong></a>. Indiquez votre nom et l’intitulé du séminaire dans l’objet.</p>
<p><strong>Carte bancaire</strong><br />
Vous pouvez utiliser notre plateforme 100% sécurisée HelloAsso ci-dessous. <em>Comme HelloAsso ne prélève pas un pourcentage des transactions, il vous est proposé de leur laisser un pourboire. C’est bien sûr facultatif.</em></p>
<p><iframe loading="lazy" id="haWidget" style="width: 100%; height: 750px; border: none;" src="https://www.helloasso.com/associations/a-rocha-france-domaine-des-courmettes/evenements/seminaire-occulte-ou-au-culte-il-faut-choisir/widget" width="300" height="150"></iframe></p>
